{"id":2134,"date":"2020-09-24T02:13:33","date_gmt":"2020-09-23T19:13:33","guid":{"rendered":"https:\/\/maudep.com.vn\/thucpham\/?post_type=product&#038;p=2134"},"modified":"2021-01-14T17:13:11","modified_gmt":"2021-01-14T10:13:11","slug":"than-ngoai-co-xuong","status":"publish","type":"product","link":"http:\/\/maudep.com.vn\/thucpham\/?product=than-ngoai-co-xuong","title":{"rendered":"Th\u0103n ngo\u1ea1i c\u00f3 x\u01b0\u01a1ng"},"content":{"rendered":"<p>Th\u0103n ngo\u1ea1i c\u00f3 x\u01b0\u01a1ng (Rib eye steak) l\u00e0 ph\u1ea7n th\u1ecbt b\u00f2 t\u01b0\u01a1i \u0111\u01b0\u1ee3c c\u1eaft t\u1eeb kh\u00fac tr\u00ean c\u1ee7a ph\u1ea7n th\u0103n ng\u1eafn, n\u00e9p gi\u1eefa s\u01b0\u1eddn v\u00e0 th\u0103n b\u00f2.<\/p>\n<p><img loading=\"lazy\" class=\"size-medium wp-image-2727 aligncenter\" src=\"https:\/\/maudep.com.vn\/thucpham\/wp-content\/uploads\/2020\/09\/than-ngoai-co-xuong-400x400.jpg\" alt=\"than-ngoai-co-xuong\" width=\"400\" height=\"400\" srcset=\"http:\/\/maudep.com.vn\/thucpham\/wp-content\/uploads\/2020\/09\/than-ngoai-co-xuong-400x400.jpg 400w, http:\/\/maudep.com.vn\/thucpham\/wp-content\/uploads\/2020\/09\/than-ngoai-co-xuong-800x800.jpg 800w, http:\/\/maudep.com.vn\/thucpham\/wp-content\/uploads\/2020\/09\/than-ngoai-co-xuong-280x280.jpg 280w, http:\/\/maudep.com.vn\/thucpham\/wp-content\/uploads\/2020\/09\/than-ngoai-co-xuong-768x768.jpg 768w, http:\/\/maudep.com.vn\/thucpham\/wp-content\/uploads\/2020\/09\/than-ngoai-co-xuong-1536x1536.jpg 1536w, http:\/\/maudep.com.vn\/thucpham\/wp-content\/uploads\/2020\/09\/than-ngoai-co-xuong-600x600.jpg 600w, http:\/\/maudep.com.vn\/thucpham\/wp-content\/uploads\/2020\/09\/than-ngoai-co-xuong-100x100.jpg 100w, http:\/\/maudep.com.vn\/thucpham\/wp-content\/uploads\/2020\/09\/than-ngoai-co-xuong.jpg 2000w\" sizes=\"(max-width: 400px) 100vw, 400px\" \/><\/p>\n<p>&nbsp;<\/p>\n<p>Ph\u1ea7n th\u1ecbt \u0111\u1ea7u th\u0103n ngo\u1ea1i c\u00f3 x\u01b0\u01a1ng b\u00f2 \u00dac t\u01b0\u01a1i l\u00e0 b\u1ed9 ph\u1eadn kh\u00f4ng ho\u1ea1t \u0111\u1ed9ng nhi\u1ec1u n\u00ean c\u00f3 xen k\u1ebd m\u1ee1 v\u00e0 \u00edt c\u01a1, t\u1ea1o ra m\u1ed9t m\u1ed9t ph\u1ea7n th\u1ecbt c\u00f3 s\u1ef1 h\u00f2a quy\u1ec7n c\u1ee7a n\u1ea1c, m\u1ee1, c\u01a1 v\u00ec th\u1ebf khi th\u01b0\u1edfng th\u1ee9c, th\u1ef1c kh\u00e1ch c\u00f3 th\u1ec3 c\u1ea3m nh\u1eadn \u0111\u01b0\u1ee3c \u0111\u1ed9 v\u1eeba m\u1ec1m, gi\u00f2n, ngon v\u00e0 r\u1ea5t b\u1ed5 d\u01b0\u1ee1ng.<\/p>\n<p><strong>L\u01b0u \u00fd:<\/strong><\/p>\n<p>Ch\u1ec9 s\u1eed d\u1ee5ng s\u1ea3n ph\u1ea9m khi bao b\u00ec c\u00f2n nguy\u00ean v\u1eb9n.<br \/>\nKh\u00f4ng s\u1eed d\u1ee5ng s\u1ea3n ph\u1ea9m n\u1ebfu \u0111\u00e3 c\u00f3 m\u00f9i l\u1ea1.<\/p>\n","protected":false},"excerpt":{"rendered":"<div><strong>Nh\u00e3n hi\u1ec7u:<\/strong> Ho\u00e0ng Vi\u1ec7t 5G foods<\/div>\n<div><\/div>\n<div><strong>Xu\u1ea5t x\u1ee9:<\/strong> Vi\u1ec7t Nam<\/div>\n<div><\/div>\n<div><strong>B\u1ea3o qu\u1ea3n:<\/strong> Ng\u0103n \u0111\u00f4ng<\/div>\n<div><\/div>\n<div><strong>S\u1eed d\u1ee5ng:<\/strong> L\u00e0m n\u00f3ng s\u1ed1t \u0103n k\u00e8m v\u1edbi b\u00f2 b\u00edt t\u1ebft.<\/div>\n<div><\/div>\n<div>H\u1ea1n s\u1eed d\u1ee5ng: 12 th\u00e1ng k\u1ec3 t\u1eeb ng\u00e0y s\u1ea3n xu\u1ea5t.<\/div>\n","protected":false},"featured_media":2137,"comment_status":"open","ping_status":"closed","template":"","meta":[],"yoast_head":"<!-- This site is optimized with the Yoast SEO plugin v14.7 - https:\/\/yoast.com\/wordpress\/plugins\/seo\/ -->\n<title>Th\u0103n ngo\u1ea1i c\u00f3 x\u01b0\u01a1ng - Th\u1ef1c Ph\u1ea9m RT 1<\/title>\n<meta name=\"robots\" content=\"index, follow\" \/>\n<meta name=\"googlebot\" content=\"index, follow, max-snippet:-1, max-image-preview:large, max-video-preview:-1\" \/>\n<meta name=\"bingbot\" content=\"index, follow, max-snippet:-1, max-image-preview:large, max-video-preview:-1\" \/>\n<link rel=\"canonical\" href=\"http:\/\/maudep.com.vn\/thucpham\/?product=than-ngoai-co-xuong\" \/>\n<meta property=\"og:locale\" content=\"vi_VN\" \/>\n<meta property=\"og:type\" content=\"article\" \/>\n<meta property=\"og:title\" content=\"Th\u0103n ngo\u1ea1i c\u00f3 x\u01b0\u01a1ng - Th\u1ef1c Ph\u1ea9m RT 1\" \/>\n<meta property=\"og:description\" content=\"Nh\u00e3n hi\u1ec7u: Ho\u00e0ng Vi\u1ec7t 5G foods  Xu\u1ea5t x\u1ee9: Vi\u1ec7t Nam  B\u1ea3o qu\u1ea3n: Ng\u0103n \u0111\u00f4ng  S\u1eed d\u1ee5ng: L\u00e0m n\u00f3ng s\u1ed1t \u0103n k\u00e8m v\u1edbi b\u00f2 b\u00edt t\u1ebft.  H\u1ea1n s\u1eed d\u1ee5ng: 12 th\u00e1ng k\u1ec3 t\u1eeb ng\u00e0y s\u1ea3n xu\u1ea5t.\" \/>\n<meta property=\"og:url\" content=\"http:\/\/maudep.com.vn\/thucpham\/?product=than-ngoai-co-xuong\" \/>\n<meta property=\"og:site_name\" content=\"Th\u1ef1c Ph\u1ea9m RT 1\" \/>\n<meta property=\"article:publisher\" content=\"https:\/\/www.facebook.com\/hoangvietmaudep.com.vn\/thucpham\" \/>\n<meta property=\"article:modified_time\" content=\"2021-01-14T10:13:11+00:00\" \/>\n<meta property=\"og:image\" content=\"http:\/\/maudep.com.vn\/thucpham\/wp-content\/uploads\/2020\/09\/than-co-xuong-600x400-1.png\" \/>\n\t<meta property=\"og:image:width\" content=\"600\" \/>\n\t<meta property=\"og:image:height\" content=\"400\" \/>\n<meta name=\"twitter:card\" content=\"summary_large_image\" \/>\n<script type=\"application\/ld+json\" class=\"yoast-schema-graph\">{\"@context\":\"https:\/\/schema.org\",\"@graph\":[{\"@type\":\"WebSite\",\"@id\":\"http:\/\/maudep.com.vn\/thucpham\/#website\",\"url\":\"http:\/\/maudep.com.vn\/thucpham\/\",\"name\":\"Th\\u1ef1c Ph\\u1ea9m RT 1\",\"description\":\"\",\"potentialAction\":[{\"@type\":\"SearchAction\",\"target\":\"http:\/\/maudep.com.vn\/thucpham\/?s={search_term_string}\",\"query-input\":\"required name=search_term_string\"}],\"inLanguage\":\"vi\"},{\"@type\":\"ImageObject\",\"@id\":\"http:\/\/maudep.com.vn\/thucpham\/?product=than-ngoai-co-xuong#primaryimage\",\"inLanguage\":\"vi\",\"url\":\"http:\/\/maudep.com.vn\/thucpham\/wp-content\/uploads\/2020\/09\/than-co-xuong-600x400-1.png\",\"width\":600,\"height\":400},{\"@type\":\"WebPage\",\"@id\":\"http:\/\/maudep.com.vn\/thucpham\/?product=than-ngoai-co-xuong#webpage\",\"url\":\"http:\/\/maudep.com.vn\/thucpham\/?product=than-ngoai-co-xuong\",\"name\":\"Th\\u0103n ngo\\u1ea1i c\\u00f3 x\\u01b0\\u01a1ng - Th\\u1ef1c Ph\\u1ea9m RT 1\",\"isPartOf\":{\"@id\":\"http:\/\/maudep.com.vn\/thucpham\/#website\"},\"primaryImageOfPage\":{\"@id\":\"http:\/\/maudep.com.vn\/thucpham\/?product=than-ngoai-co-xuong#primaryimage\"},\"datePublished\":\"2020-09-23T19:13:33+00:00\",\"dateModified\":\"2021-01-14T10:13:11+00:00\",\"breadcrumb\":{\"@id\":\"http:\/\/maudep.com.vn\/thucpham\/?product=than-ngoai-co-xuong#breadcrumb\"},\"inLanguage\":\"vi\",\"potentialAction\":[{\"@type\":\"ReadAction\",\"target\":[\"http:\/\/maudep.com.vn\/thucpham\/?product=than-ngoai-co-xuong\"]}]},{\"@type\":\"BreadcrumbList\",\"@id\":\"http:\/\/maudep.com.vn\/thucpham\/?product=than-ngoai-co-xuong#breadcrumb\",\"itemListElement\":[{\"@type\":\"ListItem\",\"position\":1,\"item\":{\"@type\":\"WebPage\",\"@id\":\"http:\/\/maudep.com.vn\/thucpham\/\",\"url\":\"http:\/\/maudep.com.vn\/thucpham\/\",\"name\":\"Trang ch\\u1ee7\"}},{\"@type\":\"ListItem\",\"position\":2,\"item\":{\"@type\":\"WebPage\",\"@id\":\"http:\/\/maudep.com.vn\/thucpham\/?page_id=63\",\"url\":\"http:\/\/maudep.com.vn\/thucpham\/?page_id=63\",\"name\":\"Shop\"}},{\"@type\":\"ListItem\",\"position\":3,\"item\":{\"@type\":\"WebPage\",\"@id\":\"http:\/\/maudep.com.vn\/thucpham\/?product=than-ngoai-co-xuong\",\"url\":\"http:\/\/maudep.com.vn\/thucpham\/?product=than-ngoai-co-xuong\",\"name\":\"Th\\u0103n ngo\\u1ea1i c\\u00f3 x\\u01b0\\u01a1ng\"}}]}]}<\/script>\n<!-- \/ Yoast SEO plugin. -->","_links":{"self":[{"href":"http:\/\/maudep.com.vn\/thucpham\/index.php?rest_route=\/wp\/v2\/product\/2134"}],"collection":[{"href":"http:\/\/maudep.com.vn\/thucpham\/index.php?rest_route=\/wp\/v2\/product"}],"about":[{"href":"http:\/\/maudep.com.vn\/thucpham\/index.php?rest_route=\/wp\/v2\/types\/product"}],"replies":[{"embeddable":true,"href":"http:\/\/maudep.com.vn\/thucpham\/index.php?rest_route=%2Fwp%2Fv2%2Fcomments&post=2134"}],"wp:featuredmedia":[{"embeddable":true,"href":"http:\/\/maudep.com.vn\/thucpham\/index.php?rest_route=\/wp\/v2\/media\/2137"}],"wp:attachment":[{"href":"http:\/\/maudep.com.vn\/thucpham\/index.php?rest_route=%2Fwp%2Fv2%2Fmedia&parent=2134"}],"curies":[{"name":"wp","href":"https:\/\/api.w.org\/{rel}","templated":true}]}}