{"id":2599,"date":"2020-12-29T11:23:29","date_gmt":"2020-12-29T04:23:29","guid":{"rendered":"https:\/\/maudep.com.vn\/thucpham\/?post_type=product&#038;p=2599"},"modified":"2021-02-04T15:00:08","modified_gmt":"2021-02-04T08:00:08","slug":"ba-chi-bo-my","status":"publish","type":"product","link":"http:\/\/maudep.com.vn\/thucpham\/?product=ba-chi-bo-my","title":{"rendered":"Ba ch\u1ec9 b\u00f2 M\u1ef9"},"content":{"rendered":"<p>Ba ch\u1ec9 b\u00f2 (Short Plate beef) ph\u1ea7n th\u1ecbt \u0111\u01b0\u1ee3c l\u1ea5y t\u1eeb b\u1ee5ng b\u00f2, c\u00f3 m\u1ee1 xen k\u1ebd v\u1edbi th\u1ecbt n\u1ea1c t\u1ea1o ra cho mi\u1ebfng th\u1ecbt c\u00f3 \u0111\u1ed9 m\u1ec1m ng\u1eady, th\u01a1m ngon.<\/p>\n<p><img loading=\"lazy\" class=\"aligncenter\" src=\"https:\/\/embed.widencdn.net\/img\/beef\/xskvbnvwmx\/exact\/Short%20Plate_121.tif?keep=c&amp;u=7fueml\" width=\"523\" height=\"333\" \/><\/p>\n<p style=\"text-align: justify;\">Ba ch\u1ec9 b\u00f2 tr\u1edf th\u00e0nh m\u00f3n kh\u00f4ng th\u1ec3 thi\u1ebfu \u0111\u01b0\u1ee3c trong c\u00e1c d\u1ecbp t\u1ee5 t\u1eadp c\u00f9ng b\u1ea1n b\u00e8 hay sum v\u1ea7y b\u00ean gia \u0111\u00ecnh quanh nh\u1eefng n\u1ed3i l\u1ea9u nghi ng\u00fat kh\u00f3i hay nh\u1eefng b\u1eefa ti\u1ec7c n\u01b0\u1edbng BBQ ngo\u00e0i tr\u1eddi ho\u1eb7c \u0111\u01a1n gi\u1ea3n h\u01a1n l\u00e0 nguy\u00ean li\u1ec7u ch\u00ednh \u0111\u1ec3 x\u00e0o v\u1edbi c\u00e1c lo\u1ea1i rau cho nh\u1eefng b\u1eefa \u0103n h\u00e0ng ng\u00e0y.<\/p>\n<p><img class=\"aligncenter\" src=\"https:\/\/lh3.googleusercontent.com\/proxy\/qGDO3X_hATjOcaRR6FuqbDgC_Z8QRECh91aoLE3AjGxAOtAXHDF5gaagckC61uO4P8BoYVXH6wOpDj-IZYN7Kod4nyHpb1e6MtVf7I8Y93_qilZs\" alt=\"ba chi bo my\" \/><\/p>\n<p>S\u1ea3n ph\u1ea9m \u0111\u01b0\u1ee3c ch\u1ebf bi\u1ebfn trong ph\u00f2ng l\u1ea1nh \u0111\u1ea1t ti\u00eau chu\u1ea9n IOS 22000:2018 n\u00ean qu\u00fd v\u1ecb ho\u00e0n to\u00e0n y\u00ean t\u00e2m v\u1ec1 ch\u1ea5t l\u01b0\u1ee3ng v\u00e0 \u0111\u1ed9 an to\u00e0n c\u1ee7a s\u1ea3n ph\u1ea9m m\u00ecnh s\u1eed d\u1ee5ng.<\/p>\n<p><strong>L\u01b0u \u00fd:<\/strong><\/p>\n<p>Ch\u1ec9 s\u1eed d\u1ee5ng s\u1ea3n ph\u1ea9m khi bao b\u00ec c\u00f2n nguy\u00ean v\u1eb9n.<br \/>\nKh\u00f4ng s\u1eed d\u1ee5ng s\u1ea3n ph\u1ea9m n\u1ebfu \u0111\u00e3 c\u00f3 m\u00f9i l\u1ea1.<\/p>\n","protected":false},"excerpt":{"rendered":"<p><strong>Nh\u00e3n hi\u1ec7u:<\/strong> Ho\u00e0ng Vi\u1ec7t 5G foods<\/p>\n<p><strong>\u0110\u00f3ng g\u00f3i:<\/strong> h\u00fat ch\u00e2n kh\u00f4ng.<\/p>\n<p><strong>B\u1ea3o qu\u1ea3n:<\/strong> ng\u0103n \u0111\u00f4ng.<\/p>\n<p><strong>H\u1ea1n s\u1eed d\u1ee5ng:\u00a0<\/strong>12 th\u00e1ng k\u1ec3 t\u1eeb ng\u00e0y s\u1ea3n xu\u1ea5t.<\/p>\n","protected":false},"featured_media":2848,"comment_status":"open","ping_status":"closed","template":"","meta":[],"yoast_head":"<!-- This site is optimized with the Yoast SEO plugin v14.7 - https:\/\/yoast.com\/wordpress\/plugins\/seo\/ -->\n<title>Ba ch\u1ec9 b\u00f2 M\u1ef9 - Th\u1ef1c Ph\u1ea9m RT 1<\/title>\n<meta name=\"robots\" content=\"index, follow\" \/>\n<meta name=\"googlebot\" content=\"index, follow, max-snippet:-1, max-image-preview:large, max-video-preview:-1\" \/>\n<meta name=\"bingbot\" content=\"index, follow, max-snippet:-1, max-image-preview:large, max-video-preview:-1\" \/>\n<link rel=\"canonical\" href=\"http:\/\/maudep.com.vn\/thucpham\/?product=ba-chi-bo-my\" \/>\n<meta property=\"og:locale\" content=\"vi_VN\" \/>\n<meta property=\"og:type\" content=\"article\" \/>\n<meta property=\"og:title\" content=\"Ba ch\u1ec9 b\u00f2 M\u1ef9 - Th\u1ef1c Ph\u1ea9m RT 1\" \/>\n<meta property=\"og:description\" content=\"Nh\u00e3n hi\u1ec7u: Ho\u00e0ng Vi\u1ec7t 5G foods  \u0110\u00f3ng g\u00f3i: h\u00fat ch\u00e2n kh\u00f4ng.  B\u1ea3o qu\u1ea3n: ng\u0103n \u0111\u00f4ng.  H\u1ea1n s\u1eed d\u1ee5ng:\u00a012 th\u00e1ng k\u1ec3 t\u1eeb ng\u00e0y s\u1ea3n xu\u1ea5t.\" \/>\n<meta property=\"og:url\" content=\"http:\/\/maudep.com.vn\/thucpham\/?product=ba-chi-bo-my\" \/>\n<meta property=\"og:site_name\" content=\"Th\u1ef1c Ph\u1ea9m RT 1\" \/>\n<meta property=\"article:publisher\" content=\"https:\/\/www.facebook.com\/hoangvietmaudep.com.vn\/thucpham\" \/>\n<meta property=\"article:modified_time\" content=\"2021-02-04T08:00:08+00:00\" \/>\n<meta property=\"og:image\" content=\"http:\/\/maudep.com.vn\/thucpham\/wp-content\/uploads\/2020\/12\/ba-chi-bo-my-2.jpg\" \/>\n\t<meta property=\"og:image:width\" content=\"1092\" \/>\n\t<meta property=\"og:image:height\" content=\"800\" \/>\n<meta name=\"twitter:card\" content=\"summary_large_image\" \/>\n<script type=\"application\/ld+json\" class=\"yoast-schema-graph\">{\"@context\":\"https:\/\/schema.org\",\"@graph\":[{\"@type\":\"WebSite\",\"@id\":\"http:\/\/maudep.com.vn\/thucpham\/#website\",\"url\":\"http:\/\/maudep.com.vn\/thucpham\/\",\"name\":\"Th\\u1ef1c Ph\\u1ea9m RT 1\",\"description\":\"\",\"potentialAction\":[{\"@type\":\"SearchAction\",\"target\":\"http:\/\/maudep.com.vn\/thucpham\/?s={search_term_string}\",\"query-input\":\"required name=search_term_string\"}],\"inLanguage\":\"vi\"},{\"@type\":\"ImageObject\",\"@id\":\"http:\/\/maudep.com.vn\/thucpham\/?product=ba-chi-bo-my#primaryimage\",\"inLanguage\":\"vi\",\"url\":\"http:\/\/maudep.com.vn\/thucpham\/wp-content\/uploads\/2020\/12\/ba-chi-bo-my-2.jpg\",\"width\":1092,\"height\":800,\"caption\":\"ba-chi-bo-my\"},{\"@type\":\"WebPage\",\"@id\":\"http:\/\/maudep.com.vn\/thucpham\/?product=ba-chi-bo-my#webpage\",\"url\":\"http:\/\/maudep.com.vn\/thucpham\/?product=ba-chi-bo-my\",\"name\":\"Ba ch\\u1ec9 b\\u00f2 M\\u1ef9 - Th\\u1ef1c Ph\\u1ea9m RT 1\",\"isPartOf\":{\"@id\":\"http:\/\/maudep.com.vn\/thucpham\/#website\"},\"primaryImageOfPage\":{\"@id\":\"http:\/\/maudep.com.vn\/thucpham\/?product=ba-chi-bo-my#primaryimage\"},\"datePublished\":\"2020-12-29T04:23:29+00:00\",\"dateModified\":\"2021-02-04T08:00:08+00:00\",\"breadcrumb\":{\"@id\":\"http:\/\/maudep.com.vn\/thucpham\/?product=ba-chi-bo-my#breadcrumb\"},\"inLanguage\":\"vi\",\"potentialAction\":[{\"@type\":\"ReadAction\",\"target\":[\"http:\/\/maudep.com.vn\/thucpham\/?product=ba-chi-bo-my\"]}]},{\"@type\":\"BreadcrumbList\",\"@id\":\"http:\/\/maudep.com.vn\/thucpham\/?product=ba-chi-bo-my#breadcrumb\",\"itemListElement\":[{\"@type\":\"ListItem\",\"position\":1,\"item\":{\"@type\":\"WebPage\",\"@id\":\"http:\/\/maudep.com.vn\/thucpham\/\",\"url\":\"http:\/\/maudep.com.vn\/thucpham\/\",\"name\":\"Trang ch\\u1ee7\"}},{\"@type\":\"ListItem\",\"position\":2,\"item\":{\"@type\":\"WebPage\",\"@id\":\"http:\/\/maudep.com.vn\/thucpham\/?page_id=63\",\"url\":\"http:\/\/maudep.com.vn\/thucpham\/?page_id=63\",\"name\":\"Shop\"}},{\"@type\":\"ListItem\",\"position\":3,\"item\":{\"@type\":\"WebPage\",\"@id\":\"http:\/\/maudep.com.vn\/thucpham\/?product=ba-chi-bo-my\",\"url\":\"http:\/\/maudep.com.vn\/thucpham\/?product=ba-chi-bo-my\",\"name\":\"Ba ch\\u1ec9 b\\u00f2 M\\u1ef9\"}}]}]}<\/script>\n<!-- \/ Yoast SEO plugin. -->","_links":{"self":[{"href":"http:\/\/maudep.com.vn\/thucpham\/index.php?rest_route=\/wp\/v2\/product\/2599"}],"collection":[{"href":"http:\/\/maudep.com.vn\/thucpham\/index.php?rest_route=\/wp\/v2\/product"}],"about":[{"href":"http:\/\/maudep.com.vn\/thucpham\/index.php?rest_route=\/wp\/v2\/types\/product"}],"replies":[{"embeddable":true,"href":"http:\/\/maudep.com.vn\/thucpham\/index.php?rest_route=%2Fwp%2Fv2%2Fcomments&post=2599"}],"wp:featuredmedia":[{"embeddable":true,"href":"http:\/\/maudep.com.vn\/thucpham\/index.php?rest_route=\/wp\/v2\/media\/2848"}],"wp:attachment":[{"href":"http:\/\/maudep.com.vn\/thucpham\/index.php?rest_route=%2Fwp%2Fv2%2Fmedia&parent=2599"}],"curies":[{"name":"wp","href":"https:\/\/api.w.org\/{rel}","templated":true}]}}